- (-5 - (4 + (-5 - 2))).
14
(11 - 5) + 6 - 2 - (-11 + 15)
6
What is -1 + 15 + -45 + (46 - 2)?
13
What is 3 + -14 + 13 + 0?
2
2 + -4 + 5 + 9 + -7
5
(-1 + 15 - 12) + 12 - -7
21
What is the value of 29 + -13 - (-2 - -6)?
12
-8 + (-4 + 9 - -8) - 3
2
Calculate -14 - (-12 + -3 + 64 + -55).
-8
Evaluate (-34 - -19) + 8 + (5 - (0 + 11)).
-13
What is 1 - (1 - 10 - (1 + (-10 - -1)))?
2
Evaluate (-31 - -19) + (18 - 2).
4
What is (-1 + 6 - (0 - -1)) + (87 - 80)?
11
What is the value of (6 - (21 - 13)) + (-2 - 3 - 6)?
-13
What is the value of (-1 - 3) + 6 - (13 - 10)?
-1
What is (5 - (17 - 18)) + -8?
-2
Calculate -11 - (13 + (-22 - 0) - (15 + -5)).
8
What is (323 - 306) + -20 + -1?
-4
What is the value of -12 + -5 + 19 + 4 + 5 + -3?
8
What is (-5 - (-54 + 42)) + 1 + 2 + -10?
0
Calculate 22 + 4 + -12 + -10.
4
Calculate -8 + (13 - 1) + 10 + -30.
-16
What is -1 + 14 - (-9 + 6 + (-7 - -15))?
8
Calculate (16 - (38 - 21)) + 15.
14
What is the value of 20 + 1 + 7 + (1 - 13)?
16
What is the value of -3 - (28 + -9 + -20)?
-2
What is the value of 345 - 355 - (0 - (-2 + 1))?
-11
Evaluate 12 + -5 + (-10 - 5) - (-2 + 0).
-6
(-8 - -8 - 2) + (-9 - -1) + -2
-12
What is the value of -11 + (0 + -23 - (-147 + 140))?
-27
Calculate 7 + -15 - -9 - (1 - (4 + -4)).
0
Calculate 1 + -9 + 2 + (28 - 45 - -31).
8
86 - 94 - (0 + 1 + -8)
-1
Calculate -4 + (-4 - (-2 - -1)) + (4 - 1).
-4
What is the value of 5 + -15 - ((0 - 4) + 8)?
-14
What is the value of -7 - (-3 + (-11 - -16) + (9 - -7))?
-25
-19 + -19 - -20 - -13
-5
What is the value of (14 - (9 + 5)) + -3?
-3
Evaluate (-9 - 2) + 5 - -10.
4
9 + -5 + 9 - (0 - -7) - -1
7
Evaluate -24 + (-25 + 20 - -24).
-5
What is the value of -4 + 1 + (15 - (-1 - -27 - -2))?
-16
Evaluate -15 - (5 + 13 + -37).
4
Evaluate 3 + (6 - 22) + (3 - -4).
-6
What is the value of -218 + 201 + -3 + -12?
-32
Evaluate (-1 - 1) + 0 - (351 - 357).
4
-3 - (12 - (-1 - -13)) - (5 - 0)
-8
Calculate 6 + (-14 - -16) + 6 + 0.
14
-2 + (7 - 11) + (3 + -8 - -10)
-1
-39 + (28 + -23 - -7)
-27
Calculate 7 + (-49 + 22 - (6 - -2 - -4)).
-32
What is the value of 10 + -10 + (-2 - -4)?
2
Calculate -16 - ((541 - 538) + -17 + -1).
-1
What is the value of 1 + -57 - ((-14 - -21) + -24)?
-39
Evaluate -12 + 30 + -33 + 44.
29
(-1 - -6 - 12) + (2 - -9)
4
Evaluate 9 + (-10 - -2) - (8 + -6).
-1
Evaluate (63 - 40) + (-5 - 1) - -2.
19
Evaluate -3 + (1 - 1) + (-19 - 16) + 34.
-4
-22 + (1 + -6 - (-56 + 46))
-17
Calculate (-6 - (8 - (0 + 3))) + 1.
-10
Evaluate 24 + -37 - (5 + -2 + 1).
-17
What is the value of (-11 - 16) + -28 + 77?
22
21 + -3 + -3 + 4 + -19 + 12
12
What is the value of 11 + -1 + -7 + 17 + -7 + -9?
4
What is the value of 7 + (15 + 3 + -9 + -12 - -3)?
7
What is -112 + 111 - (0 + (5 - 0))?
-6
Evaluate (3 - 6) + -6 + (-3 - 1) + 6.
-7
Evaluate 17 + -3 - (13 + (3 - -4) + -15).
9
What is the value of 0 - (28 + (-16 - -30) + -29)?
-13
What is the value of 3 + -7 - 10 - (-10 + 20)?
-24
Evaluate 3 - (-21 + 7 + 4).
13
4 + (-19 - -18) + (7 - 0)
10
What is -5 - (7 - 4 - 1) - -10 - 6?
-3
What is the value of (16 - 15 - 14) + 34?
21
What is 3 - -5 - ((2 - 8 - -11) + 0)?
3
Evaluate -14 + 1 + (-21 - -64 - 42).
-12
What is -8 - ((40 - 39) + -24)?
15
What is the value of 1435 + -1416 - (0 - 0)?
19
What is 8 - -3 - -7 - (4 + (7 - 6))?
13
What is 18 - (17 + -24) - 9?
16
Calculate -13 + (-9 - -16 - -6) + -12.
-12
What is (-12 - 6) + -20 + (-2 - -6)?
-34
What is -5 + 4 + 4 - 3 - (-1 + -3)?
4
Evaluate (-30 - (-24 - -16)) + 16.
-6
What is the value of -1 + -8 + (84 - 53)?
22
Calculate 13 + 0 + -6 + (1 - -9).
17
Evaluate (0 + 0 - (44 + -55)) + 1 + 1.
13
What is 3 - (-3 - 0) - (4 + 3 + 11)?
-12
What is 0 + -13 + 34 + -12 - 19?
-10
-8 + 0 - (124 + -147)
15
(-140 + 142 - (10 + (-1 - 1))) + 7
1
Evaluate (6 - 15 - 12) + (18 - 5) + -2.
-10
What is the value of -6 + -2 + (-47 - -59) - -5?
9
What is the value of (-14 - (9 + 3)) + 44?
18
What is the value of (4 - 2) + -6 - 3 - (-11 - 1)?
5
Calculate -1 - 17 - (-81 - -31).
32
Evaluate 2 + -1 - (4 - (2 + 10)).
9
Calculate 25 + -2 + -49 - -30.
4
What is (-19 - (-25 - -8)) + -4?
-6
10 - (3 - -8) - 15
-16
What is the value of (-12 - (-5 + -4)) + -16 - 4?
-23
(1 - (-3 + -1)) + 17 + -27
-5
What is (-26 - (9 + 11 + -32)) + 5?
-9
What is -6 + 8 + (2 - 13) + 3 + 0?
-6
What is the value of -8 + 22 + -32 - -4?
-14
-342 + 350 + -9 + 0
-1
What is the value of -1 + (-7 - 0) + (-1 - 3)?
-12
What is 24 + 0 - (-42 + (59 - 4))?
11
-18 + (-6 - (-15 + 2)) + 1 + -2
-12
1 + (-7 - (0 - -14)) + (-7 - -9)
-18
Evaluate -13 + 19 + -26 - (-2 - 0 - 3).
-15
Calculate -3 + (24 + -27 - (0 - 8)) - -13.
15
Calculate -3 - ((3 - -1) + (13 - (-9 - -15))).
-14
Calculate 0 + 36 + -217 + 182.
1
What is the value of -2 + (2 + -4 - -6 - (-2 + 1))?
3
What is (5 - -4) + (-1 + 8 - 2)?
14
Evaluate (-34 - -34) + (-2 - 1 - 0).
-3
What is the value of 1 + 9 - (0 - -32 - (51 - 30))?
-1
Calculate 9 + (10 - 9) + -5 + -4.
1
Evaluate (-40 - -37) + -4 + 20.
13
-21 - (2 + (18 - 35))
-6
What is -29 + (6 - 22) + 54?
9
Calculate 21 + -14 + -2 + (-3 - 9).
-7
Calculate 1 + -1 + 1 - (-9 - (-6 - 18)).
-14
What is -12 - (-12 + (15 - 20))?
5
What is 4 + 5 + -14 + -1 + -14?
-20
Evaluate (-13 - (-26 - -7)) + 3 + -24.
-15
What is the value of -24 + (4 - -8) - -17?
5
Calculate 10 + (-2 + 4 - 7) + (-2 - 3).
0
What is the value of 4 + (3 - (6 - (-7 + 24) - -4))?
14
What is the value of (-1 - -10) + 28 + -73 + 25 - -6?
-5
Calculate -5 - (-8 - (9 + (-10 - -2)) - -32).
-28
Calculate (-10 - -8) + 15 - 29.
-16
Evaluate -24 + -5 - (-23 + -17).
11
What is -1 - -9 - (-1 + -2 - (-32 - -30))?
9
-7 - -1 - (-4 + 13 - (2 + 2))
-11
Calculate -7 + (0 - (-6 + 13)) + 3.
-11
-1 + (-6 - -1) - 26
-32
2 + -1 + -13 + -12 + 32
8
12 + -15 - (11 - (5 - -7))
-2
5 + -24 + -1 + (4 - 10) + 8
-18
What is 10 + 3 - (-5 + 12)?
6
Evaluate 0 + 2 + 3 + (-31 - -9) - -4.
-13
Calculate 22 + -7 + -6 - (-11 - 1).
21
Calculate 13 - (13 - (15 + 5 + -14)).
6
Calculate (23 - (28 - 9) - (-1 + 7)) + -5.
-7
Calculate -6 - (5 + (3 - 0) + -5 - 6).
-3
What is 7 + (2 - (-7 + 9 + 9)) + -7?
-9
-8 - -5 - (-12 + 35 - 12)
-14
Calculate 2 + 0 + -7 - (-8 + 21 - 47).
29
Calculate -49 + (67 - 25) + (-1 - 1).
-9
What is -3 + (15 - (11 - 1)) - 3?
-1
Calculate 4 - 2 - (-40 + 18 - -19).
5
Evaluate (-7 - (-27 + 4)) + -8 - (13 + -2).
-3
2 - (0 - 5 - (4 + -17 + -17))
-23
Calculate ((8 - 9) + 1 - 11) + -11.
-22
0 + 15 - (6 - (7 + (-5 - 0)))
11
Calculate (-24 - 9) + 38 + -10.
-5
8 - (28 + (-6 + 7 - 1 - -9))
-29
7 + 11 + -18 + -6
-6
What is the value of -61 + 31 - -31 - 20?
-19
What is (0 - 0 - 15) + (8 - 1) + -2?
-10
What is -2 + (-28 - -28 - (-4 - 1))?
3
Calculate -3 + 53 + -18 - 24.
8
Evaluate 3 - (9 + -2 - 2) - -2 - -5.
5
-18 + 17 + -2 + (-4 - 4)
-11
Evaluate 1 + 4 + 4 + (-3 - 5).
1
What is the value of 4 + -18 + 20 + -10?
-4
What is (32 - 69) + -12 + 17?
-32
What is the value of 38 + -22 + -16 + 19?
19
Calculate 12 - 1 - ((-15 - -15) + 12).
-1
Evaluate -99 + 106 - (-2 + -11 + 2).
18
Evaluate -52 - -56 - ((3 - 5) + 12).
-6
What is 1 + -7 - (-17 + 24 - 5)?
-8
Calculate 12 + -19 + 0 + 4 + -2 + -1.
-6
Evaluate 11 - (-9 + 4 + 4 - -7).
5
-25 - (24 - (-12 + 73))
12
Evaluate -18 - (8 + (12 - 29)).
-9
What is the value of 8 - ((-5 - (-9 - -4)) + 9 + -8)?
7
Calculate -459 - -437 - (1 + -19).
-4
0 + -2 - (-39 + 19 + 16)
2
Evaluate 18 + -29 + -5 - 4.
-20
What is the value of -30 - (-36 - (28 - 51))?
-17
What is the value of (-1 - 3) + -18 + (7 - -6) - -6?
-3
What is (19 - (-6 + 12)) + -8?
5
What is 0 - -5 - (-31 + (3 - -61) + -7)?
-21
What is the value of 13 - 6 - 9 - (-1 - (6 - 13))?
-8
Evaluate 0 + (1 + 10 - 18) + 14.
7
What is 11 - (-2 - (3 + -7 + 0))?
9
(1 - -6) + (15 - 29) + (-3 - -1)
-9
Evaluate -7 - (-25 + (1 - 3 - (-61 - -62))).
21
What is 2 + -3 + -3 - 7 - (5 + 1)?
-17
(40 + -13 + -12 - 27) + -11
-23
666 + -669 + (0 - (-1 + 1 + -8))
5
What is 67 + -30 - ((-1 - -5) + -4 + 1)?
36
What is the value of (89 - 73) + (-1 - 3 - 3) - 16?
-7
What is -2 - 7 - (-1 - (-2 - 2) - 2)?
-10
What is 11 + 2 + 40 + -64 - (10 - 3)?
-18
Evaluate 7 + 0 + (1 - (-1 + (-6 - -7))).
8
(3 - 5) + (13 - 24) + 11
-2
Calculate (0 + 1 - -8) + 0.
9
What is (8 - 0) + (-6 - (2 + 9)) + 14?
5
What is (-5 - -1) + 5 + 0 + -18?
-17
What is 179 - 205 - (0 + -2)?
-24
17 - (-16 - -47) - -14
0
Calculate 1 - (-8 - (0 - 11)) - 4.
-6
Calculate -14 + 7